 -2100013121 (base 4) in base 10?
-590297
Convert 2087374 (base 10) to base 7.
23512432
Convert 121110222210 (base 3) to base 4.
1033030233
-910c50 (base 14) to base 9
-10158735
What is 162e5 (base 16) in base 5?
10401403
Convert dcefd (base 16) to base 11.
5689a9
What is 3855a5 (base 16) in base 14?
6c1661
What is -2831cb (base 16) in base 10?
-2634187
Convert 1110000010000011011011 (base 2) to base 11.
2092725
-229763 (base 13) to base 15
-1132b5
What is -17264864 (base 9) in base 4?
-201003101032
-5266411 (base 10) to base 5
-2322011121
Convert 1004445153 (base 6) to base 13.
219901b
174a09 (base 13) to base 12
240777
Convert 24cb6 (base 14) to base 11.
6194a
Convert -720315 (base 8) to base 9.
-402142
Convert 14055432 (base 7) to base 9.
2413310
Convert 1902667 (base 11) to base 4.
30103032201
What is 53762 (base 12) in base 15?
2289b
-10101122020 (base 3) to base 16
-104f4
Convert 10243957 (base 10) to base 4.
213010331311
Convert -398292 (base 10) to base 3.
-202020100120
Convert 2860866 (base 9) to base 3.
2222000222020
What is -444a6b (base 12) in base 10?
-1086707
What is 11100101101010001000 (base 2) in base 9?
1683330
Convert 111010001000010100 (base 2) to base 3.
110002121112
1075981 (base 10) to base 7
12100654
What is -10013412243 (base 5) in base 2?
-100101110001111111001001
Convert 2010211110 (base 3) to base 5.
2322114
2001144421 (base 5) to base 9
7346317
Convert -1011111110000100 (base 2) to base 12.
-24458
Convert 495bb8 (base 15) to base 14.
676196
Convert 11010010111001010010 (base 2) to base 11.
540007
Convert 17cb1 (base 15) to base 11.
52a36
-2002350 (base 6) to base 8
-267272
a8cb1 (base 16) to base 15
d9cbc
199738 (base 11) to base 8
1125027
-11540a (base 12) to base 10
-278794
Convert 10022 (base 13) to base 7.
146231
What is -1003133011 (base 4) in base 10?
-276421
What is -322010000033 (base 4) in base 7?
-243242240
What is -4530734 (base 9) in base 16?
-25404a
What is -2044707 (base 11) in base 4?
-31300310320
What is 203011 (base 5) in base 7?
25222
Convert 1001000101001110000 (base 2) to base 5.
34010314
-1222132003 (base 4) to base 5
-102423344
-1275319 (base 10) to base 13
-358636
What is 2a6a46a (base 11) in base 16?
5030b4
-331115034 (base 6) to base 14
-b07114
Convert 211121020 (base 4) to base 13.
54937
-100100110202 (base 3) to base 6
-3540032
What is 1000010101011011000 (base 2) in base 5?
32214422
Convert -1425635 (base 7) to base 6.
-4035322
-233323311203 (base 4) to base 6
-1125155135
Convert -530152 (base 10) to base 9.
-887207
Convert 2696062 (base 11) to base 15.
61c851
What is 22675b (base 15) in base 6?
55105235
-430353 (base 6) to base 4
-20210331
What is 11020230120 (base 4) in base 5?
321040303
-4075691 (base 10) to base 13
-ac9169
Convert 5775053 (base 8) to base 4.
11333220223
-899466 (base 10) to base 8
-3334612
Convert -11155006 (base 7) to base 6.
-32454421
What is 1046343 (base 8) in base 3?
112022121001
234776 (base 8) to base 3
11002021010
-60395 (base 13) to base 2
-101001111111011011
What is -2734a (base 14) in base 3?
-11220122021
Convert -305710 (base 9) to base 11.
-1142a0
Convert -10111001010100010001100 (base 2) to base 4.
-113022202030
What is 1431531410 (base 6) in base 14?
24d5b78
Convert -39e39 (base 16) to base 9.
-401228
5260465 (base 7) to base 8
2333134
Convert 5b789 (base 12) to base 9.
207736
-112211211211200 (base 3) to base 11
-44a9841
What is -5535865 (base 9) in base 15?
-3dbdc5
What is -60899 (base 11) in base 9?
-144872
-a4247 (base 11) to base 4
-211013123
What is 676327 (base 13) in base 5?
1111111112
344154 (base 6) to base 10
29446
Convert 17a830 (base 11) to base 14.
73385
Convert 4a22b (base 15) to base 5.
30033431
What is -baa (base 13) in base 5?
-30444
-1b5512 (base 14) to base 5
-222200431
Convert 1452546 (base 13) to base 6.
350243443
52213b (base 14) to base 3
12012211001011
What is 162255 (base 7) in base 9?
47846
What is 188a66 (base 15) in base 8?
4433371
What is 9a5a8 (base 12) in base 3?
101101212102
What is 20651a (base 12) in base 2?
1111100001101100110
260ba50 (base 13) to base 5
11022013143
785551 (base 10) to base 14
1663cb
What is 1189432 (base 12) in base 4?
31002030212
Convert -6746d8 (base 14) to base 13.
-95aa75
-7b3b5 (base 12) to base 2
-101000001101111001
-1486605 (base 10) to base 12
-5b8379
What is -24dc29 (base 16) in base 15?
-32ab3c
-325015 (base 7) to base 6
-1115354
What is -323241033 (base 5) in base 6?
-45354525
Convert -670a89 (base 11) to base 13.
-2b60c5
-522003 (base 8) to base 4
-222100003
Convert -431aa0 (base 14) to base 15.
-2ed00d
What is ba087 (base 13) in base 14?
8a780
-b706e9 (base 16) to base 8
-55603351
Convert -3a5302 (base 16) to base 3.
-21012012021002
What is -82105 (base 15) in base 16?
-6494c
What is -4863228 (base 9) in base 14?
-4ca0c1
What is 675fe (base 16) in base 2?
1100111010111111110
Convert 100331001 (base 4) to base 9.
115226
Convert 22102112211 (base 3) to base 15.
3423d
Convert c27 (base 15) to base 4.
222301
What is 10621403 (base 7) in base 6?
31532145
Convert 650c3 (base 13) to base 7.
1360046
Convert -187a0d (base 15) to base 3.
-2020110201211
Convert -10011110110011101101110 (base 2) to base 14.
-996618
111011011010001001 (base 2) to base 8
733211
Convert 2143783 (base 9) to base 6.
40400420
-6b418 (base 14) to base 13
-92034
27145 (base 12) to base 13
1b61a
What is 20200211232 (base 4) in base 12?
8b6a66
What is -56837 (base 16) in base 13?
-c53a5
What is 11111111010 (base 2) in base 6?
13242
What is -78144 (base 9) in base 3?
-2122011111
1625030 (base 8) to base 10
469528
32220102222 (base 4) to base 8
16502252
Convert 350310 (base 10) to base 16.
55866
82079 (base 11) to base 9
202385
634454 (base 12) to base 2
101111101100010000000
Convert -100012000012 (base 3) to base 12.
-88765
e3c4a (base 15) to base 6
23244541
What is -322100333 (base 4) in base 16?
-3a43f
What is 100100010011110011100 (base 2) in base 4?
10202132130
What is 1232141232 (base 5) in base 3?
12122201012120
Convert -8831b1 (base 12) to base 11.
-124738a
Convert 46d1d (base 14) to base 12.
83b3b
Convert -177b576 (base 12) to base 15.
-669aa3
What is 35837 (base 9) in base 15?
71aa
Convert c3b0 (base 14) to base 13.
12430
What is -86365 (base 11) in base 15?
-272ed
27165167 (base 8) to base 15
8043aa
Convert -36084 (base 12) to base 13.
-27106
Convert -6231035 (base 8) to base 9.
-3086048
Convert -723ede (base 16) to base 8.
-34437336
-1421241330 (base 5) to base 4
-32012131101
Convert -130331031220 (base 4) to base 11.
-4315061
What is 11332320233 (base 4) in base 5?
400141203
What is -358292 (base 12) in base 3?
-1121220201202
9502d1 (base 15) to base 14
d27202
What is 1b7248 (base 12) in base 3?
220212021202
143140411 (base 6) to base 2
1011010000110011110111
What is 29732a (base 12) in base 3?
1022101220021
Convert -201576 (base 11) to base 16.
-4f219
1848 (base 12) to base 15
d0b
Convert 101110111011000001 (base 2) to base 13.
69631
Convert 1214320 (base 6) to base 2.
1111101111101000
-13262515 (base 8) to base 5
-1230200203
-20136 (base 12) to base 2
-1010001010111010
Convert 110101000011011011 (base 2) to base 7.
1563356
What is -2503757 (base 9) in base 11?
-84a542
1132257 (base 8) to base 13
aa4b0
Convert 13255331 (base 6) to base 12.
194547
-5fd11 (base 16) to base 3
-201221100202
What is 2059a (base 14) in base 13?
29630
Convert -2b0826 (base 12) to base 2.
-10110001011110011110
-218517 (base 9) to base 10
-130912
3121103 (base 4) to base 7
55355
-31311322113 (base 4) to base 9
-6740563
Convert 212002102022 (base 3) to base 9.
762368
-307046 (base 8) to base 13
-37516
What is -340331 (base 8) in base 15?
-240a5
Convert -3a218c (base 13) to base 7.
-14635533
-1330022 (base 6) to base 12
-36912
What is -211720 (base 13) in base 2?
-10111101000110011001
-9a95 (base 13) to base 10
-21585
44287 (base 12) to base 16
16087
What is 13302032233 (base 4) in base 15?
2a4a01
49099 (base 12) to base 14
27d1b
Convert 228377 (base 9) to base 7.
1111324
6d9e (base 15) to base 9
34885
What is 252585 (base 10) in base 16?
3daa9
-315642 (base 7) to base 8
-153115
-1148333 (base 9) to base 11
-395a48
Convert 12002201100 (base 3) to base 2.
11000100000101011
-b2521 (base 12) to base 11
-14958a
What is -282b4c (base 15) in